the tens digit of 456/10 + (q/(-10))/7?
4
Let c = -36 + 24. What is the tens digit of 61 - (1/3)/(4/c)?
6
Let m be (80/(-50))/((-2)/5). Let q be 6/(-21) - m/(-14). What is the units digit of (-1)/2*q - -1?
1
Let r(c) = c**3 - 8*c**2 + 9*c + 14. Let s be r(6). Let z = s + 88. What is the tens digit of z?
8
Let v = -255 + 276. What is the units digit of v?
1
Suppose -52 = -3*n - 3*o - 13, 3*n = -2*o + 38. Let f be 1/(-7) - 80/(-70). Let h = f + n. What is the tens digit of h?
1
Let m = 21 - 19. Suppose -y + 201 = m*y. Suppose -y = -18*r + 17*r. What is the tens digit of r?
6
What is the thousands digit of 5707/4 - ((-3)/12 - 0)?
1
Suppose -o - o = 0. Let f = o + 2. Suppose f*a - 35 = 13. What is the units digit of a?
4
Let q = 234 + -227. What is the units digit of q?
7
Let g(p) = p**3 - 9*p**2 - 18*p + 42. What is the hundreds digit of g(14)?
7
Let u(z) = 24*z**3 - 9*z**2 + 4*z + 11. What is the units digit of u(4)?
9
Let w be 10*15/24*4. Suppose -2*d = -26 - 4. Suppose 3*a = -3*t + d, w = 3*a + 2*a + 2*t. What is the units digit of a?
5
Let r = 1094 - 67. Suppose -2*g = 5*f - r, 0 = 2*f + f - 5*g - 610. What is the hundreds digit of f?
2
Suppose 7 = 3*a + 1. Suppose -2*n + 5*n - o - 949 = 0, -641 = -a*n - o. What is the hundreds digit of n?
3
Suppose 4*r - 18 = 2*a, 2*a = -r + a - 3. Let o(j) = 38*j + 2. What is the tens digit of o(r)?
7
Let x = 215 + -127. Let a be 12/(-42) - x/(-14). Suppose 96 = a*o - 2*o. What is the tens digit of o?
2
Let r be (2/(-4))/(5/810). Let y = r - -138. What is the units digit of y?
7
Let i be 0*(0 + (4 - 3)). Suppose i = -s - 0*s + 151. What is the units digit of s?
1
Let f(a) = 3*a + 1. Let d be f(2). Suppose 3*o + 4*k = d, 3*o - 4*k = -k - 21. Let p(t) = -t**3 - 3*t**2 - 4*t - 2. What is the units digit of p(o)?
0
What is the units digit of 68/6*399/38?
9
Let u(b) = 5*b - 1. Suppose n - 1 = -0*n. Let l be u(n). Let j = l - -10. What is the tens digit of j?
1
Suppose -3 = -3*y + 5*r, -1 = -0*y - y - 3*r. Let x(a) = 3 - 6*a - 1 - y + 3. What is the units digit of x(-3)?
2
Suppose -2*z + u = -6*z + 308, 2*z = -2*u + 160. Suppose b - z = 106. Suppose -4*q - 3*h = -252, 3*h = 3*q + 7*h - b. What is the units digit of q?
6
Suppose 3*z = 0, 69 = 3*u + 2*z - 4*z. Let c(f) = 2*f + 12. Let d be c(0). Let y = u - d. What is the tens digit of y?
1
Suppose 0 = b - 26 - 146. What is the units digit of b?
2
Suppose 3*v = 106 + 818. What is the units digit of v?
8
Suppose -15*u - 19*u + 2210 = 0. What is the tens digit of u?
6
Let o(b) = b**3 - 11*b + 6. Let c be o(3). Suppose u + 2*q - q - 296 = 0, c = 5*u + 3*q - 1488. What is the tens digit of u?
0
Suppose -3*m - 3*w + 2*w - 10 = 0, -4*m + 2*w - 10 = 0. Let h(p) = -2*p**3 + 4*p**2 + 8*p + 7. What is the units digit of h(m)?
3
Suppose 5*t = 2*o - 59 + 18, -3*t - 5*o - 6 = 0. Let z(j) = -j**2 - 5*j + 7. Let v be z(t). Let f(a) = -a**2 - 9*a + 5. What is the tens digit of f(v)?
1
Let p(q) = 408*q - 103. What is the hundreds digit of p(3)?
1
Suppose 0 = -3*t - 2*t + 1030. What is the units digit of t?
6
Let w(y) = 3*y**2 - 2*y - 5. Let n(u) = -3*u**2 + u + 4. Let f(l) = -4*n(l) - 3*w(l). Let j be f(2). Suppose j = -a + 2*a. What is the units digit of a?
5
Let p = 194 + 91. What is the hundreds digit of p?
2
Let d(r) = 495*r + 166. What is the thousands digit of d(10)?
5
Let n(p) = -p**3 - 9*p**2 + p + 4. Let o be 2 - (0 + 8 - -4). What is the units digit of n(o)?
4
Let u(y) = -y**2 - 33*y - 71. What is the tens digit of u(-29)?
4
Let g = 77 - 51. Let b = g - 23. Suppose 3*d = -d + u + 41, u = b. What is the units digit of d?
1
Let g = 29 + -26. Let r(a) = 48*a + 8. What is the units digit of r(g)?
2
Suppose 13*m - 6*m + 21 = 0, 2*t - 4*m - 1132 = 0. What is the tens digit of t?
6
Let m(d) = d**2 + 13*d + 27. Let v be m(-16). Let s = 106 - v. What is the tens digit of s?
3
Let l(n) be the second derivative of 5*n**4/12 - n**3 - 29*n**2/2 + 17*n. What is the units digit of l(8)?
3
Let m be ((-108)/8)/(3 - 30/8). What is the tens digit of (2 + 0)*1179/m?
3
Let c(y) = y**3 + 7*y**2 - 10*y - 12. Let h be c(-8). Suppose -h*f + 847 - 291 = 0. What is the tens digit of f?
3
Let x = 3 + 102. What is the units digit of x?
5
Let f = 92 + -142. Let p = f + 202. What is the hundreds digit of p?
1
Let y = -49 + 49. Suppose -2*d + 170 = -5*n, 4*d + 6*n - n - 340 = y. What is the units digit of d?
5
What is the tens digit of 28059/5 + ((-1064)/95)/14?
1
Let d = 4 - 2. Suppose r = d + 3. Let l(a) = 9*a - 12. What is the units digit of l(r)?
3
Let r(v) = v**2 - 13*v + 39. Let w be r(6). What is the tens digit of 5/w*756/(-30)?
4
Let b(n) = -n**2 + 36*n + 15. Let c be b(15). Suppose 3*x - 9*x + c = 0. What is the tens digit of x?
5
Suppose -109*g = -112*g + 3660. What is the hundreds digit of (5 - g/(-15))*6/2?
2
Let a be 42/16 + 9/24. Suppose a*q + 90 = 354. What is the units digit of q?
8
Let r be (-21 - -234) + 3*2/(-3). Let d = r - -41. What is the hundreds digit of d?
2
Let f = 107 + -103. Suppose -5*d - p + f - 3 = 0, 0 = -d + 5*p + 21. What is the units digit of d?
1
Let q(i) = i**3 + 3*i**2 - 9*i. Let t be q(-5). Let p(c) = -4*c + 17. What is the tens digit of p(t)?
3
Suppose -4 = -5*a + 201. Suppose -6*b + a = -5*b. Suppose 59 + b = 4*v. What is the tens digit of v?
2
Let a be (-4 + (-80)/(-15))*9. Suppose 15*r - 123 = a*r. What is the tens digit of r?
4
Let y = 62 + 34. What is the units digit of y?
6
Let k = -73 + 77. Suppose -f - 3*f - k*x = -712, 20 = 4*x. What is the units digit of f?
3
Let a = 1095 - 601. What is the units digit of a?
4
Let s(i) = -i**3 + 2*i**2 + 6*i - 5. Let y be s(3). Suppose r = 3*r - y. Let o(v) = 4*v**3 - 3*v**2 + v + 1. What is the units digit of o(r)?
3
Let o(c) = 3*c**3 - 7*c**2 - 6*c + 21. What is the hundreds digit of o(6)?
3
Suppose 2*m + 3*g - 4391 = -2*g, 0 = 5*m - 4*g - 10895. What is the units digit of m?
3
Suppose -1 + 7 = 2*w. Suppose 0 = -w*u + 7*u. Let l = 27 - u. What is the units digit of l?
7
Let s = 161 - 129. What is the tens digit of s?
3
Let h = 18 + -40. Let z = -21 - h. What is the tens digit of (z - 27)/((-1)/2)?
5
Let p be 7/(182/(-100)) + (-6)/39. What is the hundreds digit of p/12*1*-681?
2
Let d be (168/(-18))/7*3. Let s(x) = -2*x**3 + 6*x**2 + 4*x + 12. What is the units digit of s(d)?
0
Suppose -18*a - 34 = -20*a. Suppose f + m = -2 + 19, a = f + 2*m. What is the units digit of f?
7
Let a be (26/6)/(1/3). What is the hundreds digit of (23/46)/((-1)/(a*-26))?
1
Let t be (-18)/63 + 60/14. Suppose 3*a - 19 = a + l, 39 = t*a - l. Let b(s) = -s**3 + 11*s**2 - 10*s + 2. What is the units digit of b(a)?
2
Let w(f) = f**2 + 13*f - 2. Let a(j) = 2*j**2 + 14*j - 1. Let q(i) = -2*a(i) + 3*w(i). Let x be q(6). Suppose 3*v - v - x = 0. What is the units digit of v?
3
Suppose 0*a - 162 = 6*a. Let o = a + 50. Let g = 24 - o. What is the units digit of g?
1
Let z = 7 + -2. Let t = 58 + -58. Suppose 165 = -t*d + z*d. What is the units digit of d?
3
Let s = -9 - -17. Suppose -4*p + 3*b = 0, 0*p - 5*p = 5*b. Suppose p = -q + 2*q - s. What is the units digit of q?
8
Suppose -157 = 3*z + 137. Let l = -43 - z. What is the tens digit of l?
5
Let h = 66 - 205. Let f = h + 227. What is the tens digit of f?
8
Let k(h) = -h**2 + 2*h - 1. Suppose 2*r - 2 = 2*p, -5*r + 7 = -4*p - 0*p. Let o be k(r). What is the units digit of o/18 + 371/9?
1
What is the units digit of ((-15)/(-5) - -1794) + 10?
7
Let x be -21 - (-4)/(-2) - -2. Suppose -2*r = -3*r - 16. Let y = r - x. What is the units digit of y?
5
Let b = -1 + 1. Suppose b*y - 3*y = -2*d - 55, -5*y + 100 = -5*d. Let v = -6 + y. What is the units digit of v?
9
Let w = 542 + -248. Suppose -w = -3*p - k, -4*p = -3*p + 4*k - 98. What is the units digit of p?
8
Suppose -4*y - 4*f = f - 26, 4*f + 17 = y. Suppose 5*k - y = 6. Suppose 190 = k*w + 2*w. What is the tens digit of w?
3
Suppose -3*i + 215 = 2*i. Let s = 45 + -40. Let z = i - s. What is the tens digit of z?
3
Suppose 0 = -3*g - 185 - 244. Let k = 250 + g. What is the hundreds digit of k?
1
Suppose 3*z - 10 = 26. Let r(m) = m**2 + 4*m - 29. What is the tens digit of r(z)?
6
Let y(o) = -o**3 + 7*o**2 + 5*o + 3. Let l be y(-4). Suppose a - l = -2*a + 3*i, -4*a + 212 = 2*i. What is the units digit of a?
3
Suppose 5*d = -4*s - 41, -2*s - 9 - 4 = d. Let 